digit of 4449331?
3
What is the thousands digit of 4582476?
2
What is the units digit of 7911577?
7
What is the millions digit of 13156167?
3
What is the ten thousands digit of 93158?
9
What is the thousands digit of 8759078?
9
What is the hundred thousands digit of 946214?
9
What is the ten thousands digit of 5646061?
4
What is the ten thousands digit of 2613810?
1
What is the tens digit of 963127?
2
What is the units digit of 311515?
5
What is the ten thousands digit of 255137?
5
What is the hundred thousands digit of 4974816?
9
What is the ten thousands digit of 2419217?
1
What is the ten thousands digit of 990681?
9
What is the tens digit of 1372699?
9
What is the units digit of 53056?
6
What is the hundreds digit of 1068351?
3
What is the hundreds digit of 3756931?
9
What is the tens digit of 248343?
4
What is the hundreds digit of 15635577?
5
What is the hundred thousands digit of 9846250?
8
What is the thousands digit of 182836?
2
What is the millions digit of 5775432?
5
What is the thousands digit of 12033458?
3
What is the units digit of 3794025?
5
What is the tens digit of 1246758?
5
What is the thousands digit of 764044?
4
What is the tens digit of 6883256?
5
What is the hundred thousands digit of 362454?
3
What is the ten thousands digit of 847987?
4
What is the millions digit of 6180001?
6
What is the hundred thousands digit of 13159609?
1
What is the units digit of 188744?
4
What is the hundred thousands digit of 5778580?
7
What is the thousands digit of 6494518?
4
What is the thousands digit of 958023?
8
What is the units digit of 118241?
1
What is the units digit of 394932?
2
What is the units digit of 239235?
5
What is the hundreds digit of 206875?
8
What is the units digit of 4583593?
3
What is the units digit of 423336?
6
What is the ten thousands digit of 1930743?
3
What is the ten thousands digit of 1023972?
2
What is the hundreds digit of 452517?
5
What is the hundreds digit of 1602959?
9
What is the hundreds digit of 6609108?
1
What is the thousands digit of 674225?
4
What is the ten thousands digit of 746952?
4
What is the hundred thousands digit of 196409?
1
What is the millions digit of 6505796?
6
What is the hundreds digit of 264663?
6
What is the thousands digit of 294970?
4
What is the millions digit of 33580091?
3
What is the tens digit of 1524299?
9
What is the millions digit of 8121644?
8
What is the units digit of 9033904?
4
What is the hundred thousands digit of 181036?
1
What is the millions digit of 2897568?
2
What is the ten thousands digit of 13344616?
4
What is the tens digit of 7685413?
1
What is the thousands digit of 69711?
9
What is the tens digit of 41225?
2
What is the hundred thousands digit of 309860?
3
What is the ten millions digit of 11595271?
1
What is the ten thousands digit of 17659333?
5
What is the thousands digit of 112809?
2
What is the ten thousands digit of 5857144?
5
What is the units digit of 284030?
0
What is the hundred thousands digit of 647387?
6
What is the hundred thousands digit of 184649?
1
What is the ten thousands digit of 7375127?
7
What is the tens digit of 54698?
9
What is the hundred thousands digit of 292633?
2
What is the thousands digit of 10642209?
2
What is the millions digit of 8489449?
8
What is the tens digit of 15339645?
4
What is the ten thousands digit of 364989?
6
What is the thousands digit of 2596104?
6
What is the ten thousands digit of 4584000?
8
What is the hundreds digit of 151947?
9
What is the thousands digit of 7296825?
6
What is the units digit of 62643?
3
What is the thousands digit of 2911922?
1
What is the units digit of 150259?
9
What is the thousands digit of 580323?
0
What is the hundred thousands digit of 16680514?
6
What is the thousands digit of 594515?
4
What is the thousands digit of 440669?
0
What is the thousands digit of 65735?
5
What is the tens digit of 2098262?
6
What is the thousands digit of 316727?
6
What is the tens digit of 1424836?
3
What is the ten thousands digit of 8519155?
1
What is the units digit of 27017409?
9
What is the ten thousands digit of 2123242?
2
What is the millions digit of 1414122?
1
What is the thousands digit of 172231?
2
What is the hundred thousands digit of 13726959?
7
What is the hundred thousands digit of 258156?
2
What is the tens digit of 1628991?
9
What is the hundreds digit of 3074113?
1
What is the millions digit of 5226009?
5
What is the units digit of 6624199?
9
What is the units digit of 115208?
8
What is the ten thousands digit of 9541308?
4
What is the hundred thousands digit of 5620164?
6
What is the units digit of 16492?
2
What is the tens digit of 251542?
4
What is the hundreds digit of 16940276?
2
What is the thousands digit of 352216?
2
What is the units digit of 67968?
8
What is the hundred thousands digit of 219269?
2
What is the tens digit of 403864?
6
What is the hundred thousands digit of 1412460?
4
What is the hundred thousands digit of 127248?
1
What is the millions digit of 1166018?
1
What is the ten thousands digit of 169172?
6
What is the hundred thousands digit of 464785?
4
What is the units digit of 4580586?
6
What is the hundreds digit of 344773?
7
What is the tens digit of 1801074?
7
What is the units digit of 779016?
6
What is the tens digit of 18774668?
6
What is the hundreds digit of 213901?
9
What is the hundred thousands digit of 14795159?
7
What is the ten thousands digit of 1407372?
0
What is the hundreds digit of 1355?
3
What is the hundreds digit of 4624576?
5
What is the hundreds digit of 616500?
5
What is the tens digit of 368028?
2
What is the millions digit of 2738177?
2
What is the millions digit of 5378025?
5
What is the hundred thousands digit of 1907266?
9
What is the hundreds digit of 194799?
7
What is the hundreds digit of 184037?
0
What is the ten thousands digit of 3402332?
0
What is the ten thousands digit of 1396105?
9
What is the units digit of 4491286?
6
What is the ten thousands digit of 25498054?
9
What is the ten thousands digit of 279051?
7
What is the ten thousands digit of 65558?
6
What is the thousands digit of 1999206?
9
What is the tens digit of 364716?
1
What is the tens digit of 1187866?
6
What is the ten thousands digit of 4618052?
1
What is the thousands digit of 8671716?
1
What is the hundreds digit of 370191?
1
What is the units digit of 685663?
3
What is the ten millions digit of 11488718?
1
What is the hundreds digit of 3379888?
8
What is the units digit of 1764955?
5
What is the thousands digit of 13392346?
2
What is the hundreds digit of 181851?
8
What is the hundred thousands digit of 1897267?
8
What is the hundreds digit of 2317757?
7
What is the hundred thousands digit of 234986?
2
What is the ten thousands digit of 117092?
1
What is the tens digit of 410558?
5
What is the hundred thousands digit of 1481954?
4
What is the ten thousands digit of 220533?
2
What is the ten thousands digit of 1053124?
5
What is the thousands digit of 7901231?
1
What is the hundreds digit of 104322?
3
What is the tens digit of 12722825?
2
What is the units digit of 8284?
4
What is the tens digit of 848675?
7
What is the ten thousands digit of 5790761?
9
What is the ten thousands digit of 1779949?
7
What is the ten thousands digit of 6523669?
2
What is the hundreds digit of 289549?
5
What is the hundred thousands digit of 4883271?
8
What is the thousands digit of 4957499?
7
What is the tens digit of 280757?
5
What is the thousands digit of 718778?
8
What is the ten thousands digit of 36937492?
3
What is the hundred thousands digit of 262340?
2
What is the millions digit of 3524962?
3
What is the units digit of 171052?
2
What is the tens digit of 439140?
4
What is the tens digit of 559578?
7
What is the tens digit of 283172?
7
What is the tens digit of 8524632?
3
What is the hundreds digit of 23650?
6
What is the hundreds digit of 1025677?
6
What is the hundred thousands digit of 240212?
2
What is the hundred thousands digit of 5916285?
9
What is the units digit of 685394?
4
What is the ten thousands digit of 1431478?
3
What is the ten thousands digit of 18037870?
3
What is the ten thousands digit of 89586?
8
What is the millions digit of 7855714?
7
What is the hundreds digit of 960838?
8
What is the units digit of 2987221?
1
What is the units 